{"id":69,"date":"2011-01-01T20:18:20","date_gmt":"2011-01-01T20:18:20","guid":{"rendered":"http:\/\/www.becker-gastro.de\/"},"modified":"2021-02-05T20:42:24","modified_gmt":"2021-02-05T19:42:24","slug":"ueber-uns","status":"publish","type":"page","link":"https:\/\/becker-gastro.de\/UB\/ueber-uns\/","title":{"rendered":"\u00dcber uns"},"content":{"rendered":"<h4 style=\"text-align: center;\" align=\"center\"><strong>Wir sind f\u00fcr\u00a0 Ihre Tr\u00e4ume da\u00a0 <\/strong><strong>\u2013 nicht f\u00fcr Ihren Schlaf!<\/strong><\/h4>\n<h2 style=\"text-align: center;\"><strong>Becker GASTRO UB<\/strong><\/h2>\n<h4 style=\"text-align: center;\">Die gastronomische Immobilienvermittlung<\/h4>\n<p style=\"text-align: center;\">Seit nunmehr 1999 ist unsere Unternehmung mit klarem Fokus auf gastronomische Bed\u00fcrfnisse und Trends am Markt\u2026\u00a0\u00a0 Wir beraten &amp; vermitteln ausschlie\u00dflich Gastro Konzepte &amp; Unternehmen \u2013 DEUTSCHLANDWEIT! Dabei stellen wir an uns selbst die h\u00f6chsten Anspr\u00fcche f\u00fcr Effektifit\u00e4t, Qualit\u00e4t &amp; Diskretion! Daf\u00fcr stehen wir mit unserem Namen:<\/p>\n<h2 style=\"text-align: center;\"><strong>Becker GASTRO UB<\/strong><\/h2>\n<p style=\"text-align: center;\" align=\"center\"><strong>Ihr Partner f\u00fcr Diskretion &amp; Erfolg<\/strong><\/p>\n<h2><\/h2>\n","protected":false},"excerpt":{"rendered":"<p>Wir sind f\u00fcr\u00a0 Ihre Tr\u00e4ume da\u00a0 \u2013 nicht f\u00fcr Ihren Schlaf! Becker GASTRO UB Die gastronomische Immobilienvermittlung Seit [ &#8230; ]<\/p>\n","protected":false},"author":1,"featured_media":0,"parent":0,"menu_order":4,"comment_status":"closed","ping_status":"closed","template":"","meta":{"_links_to":"","_links_to_target":""},"_links":{"self":[{"href":"https:\/\/becker-gastro.de\/UB\/wp-json\/wp\/v2\/pages\/69"}],"collection":[{"href":"https:\/\/becker-gastro.de\/UB\/wp-json\/wp\/v2\/pages"}],"about":[{"href":"https:\/\/becker-gastro.de\/UB\/wp-json\/wp\/v2\/types\/page"}],"author":[{"embeddable":true,"href":"https:\/\/becker-gastro.de\/UB\/wp-json\/wp\/v2\/users\/1"}],"replies":[{"embeddable":true,"href":"https:\/\/becker-gastro.de\/UB\/wp-json\/wp\/v2\/comments?post=69"}],"version-history":[{"count":3,"href":"https:\/\/becker-gastro.de\/UB\/wp-json\/wp\/v2\/pages\/69\/revisions"}],"predecessor-version":[{"id":4860,"href":"https:\/\/becker-gastro.de\/UB\/wp-json\/wp\/v2\/pages\/69\/revisions\/4860"}],"wp:attachment":[{"href":"https:\/\/becker-gastro.de\/UB\/wp-json\/wp\/v2\/media?parent=69"}],"curies":[{"name":"wp","href":"https:\/\/api.w.org\/{rel}","templated":true}]}}

Über uns

<h4 style="text-align: center;" align="center"><strong>Wir sind für  Ihre Träume da  </strong><strong>– nicht für Ihren Schlaf!</strong></h4>
<h2 style="text-align: center;"><strong>Becker GASTRO UB</strong></h2>
<h4 style="text-align: center;">Die gastronomische Immobilienvermittlung</h4>
<p style="text-align: center;">Seit nunmehr 1999 ist unsere Unternehmung mit klarem Fokus auf gastronomische Bedürfnisse und Trends am Markt…   Wir beraten &amp; vermitteln ausschließlich Gastro Konzepte &amp; Unternehmen – DEUTSCHLANDWEIT! Dabei stellen wir an uns selbst die höchsten Ansprüche für Effektifität, Qualität &amp; Diskretion! Dafür stehen wir mit unserem Namen:</p>
<h2 style="text-align: center;"><strong>Becker GASTRO UB</strong></h2>
<p style="text-align: center;" align="center"><strong>Ihr Partner für Diskretion &amp; Erfolg</strong></p>
<h2></h2>

<p>Wir sind für  Ihre Träume da  – nicht für Ihren Schlaf! Becker GASTRO UB Die gastronomische Immobilienvermittlung Seit [ &#8230; ]</p>
